 of i and 18250?
146
Let u(y) = -38*y. Let l be u(-1). Let i be (3*4/(-10))/(1016/(-48260)). Calculate the highest common factor of l and i.
19
Suppose 4*j + 4*r = 736, 5*j + 4*r - 1282 = -359. Calculate the highest common divisor of j and 671.
11
Let k(v) = -7*v**3 - 2*v - 1. Suppose -5*d + d + 1 = a, -3*d = -a + 8. Let q be k(d). Calculate the highest common factor of 32 and q.
8
Suppose 26*t - 11*t = 90. What is the greatest common divisor of t and 1014?
6
Suppose 403*d + 1365 = 416*d. Calculate the highest common divisor of 2037 and d.
21
Let x be ((-21450)/154 + -21)*28/(-3). What is the greatest common factor of 544 and x?
136
Suppose -4*f - 9 = -7*f. Suppose -454*n = 830*n - 4387 - 10669 - 4204. What is the highest common factor of f and n?
3
Let k(h) = 87*h + 5. Let y be k(5). Let l be (-11)/(y/(-24))*30. Suppose n = p - 25 - 14, 2*p = -5*n + 57. What is the greatest common divisor of l and p?
18
Suppose 60*m + 19870 = 45462 + 37048. What is the greatest common divisor of 396 and m?
36
Suppose 785 = 51*o - 1918. What is the greatest common divisor of o and 2279?
53
Suppose -654 = -i + 12*m - 14*m, -4*i + 4*m + 2676 = 0. Calculate the highest common divisor of i and 1162.
166
Let w(p) = -289*p + 1651. Let g be w(4). Calculate the highest common factor of 1845 and g.
45
Let f be (-11)/((-77)/4)*602/344. Suppose 0 = 4*q + 25 + 7. Let c = q - -13. Calculate the highest common factor of c and f.
1
Suppose -7*t = 2*j - 9*t - 3354, -5*t = j - 1689. What is the greatest common factor of j and 115?
23
Suppose -2*x - 101*v + 54 = -97*v, -3*v + 24 = 0. Suppose -4*l + 7*l - 825 = 0. Calculate the greatest common factor of x and l.
11
Suppose 5*t - 314 - 536 = 0. Let y = -44 + 78. What is the highest common divisor of y and t?
34
Suppose 9*q - 11*q - 56 = 0. Let v be (-148)/q + 2/(-7). Suppose 0 = 5*f - v*w - 145, -f = -3*w - 6 - 21. Calculate the greatest common factor of 12 and f.
6
Let f be 31/(-11) - 4/22 - 0. Let y(r) = -20*r**3 + 5*r**2 + 10*r + 9. Let v be y(f). Calculate the greatest common factor of v and 12.
12
Suppose 2*b - 25666 - 2396 = -u, 5*u + 28014 = 2*b. Calculate the highest common factor of b and 13.
13
Let b = 210 - -720. Suppose 5*u + u - b = 0. Let p be 2983/95 + 2/(-5). What is the greatest common factor of u and p?
31
Let h(o) = o**3 - 21*o**2 + 38*o - 6. Let w be h(19). Let n be 2 + 9/w - (-105)/6. What is the greatest common factor of 117 and n?
9
Suppose 9*l = -181 + 217. Let k be 140/(-25)*((-550)/l)/5. What is the greatest common divisor of 42 and k?
14
Suppose -5*c - 3 = 5*u - 188, -5*u + 235 = -5*c. Calculate the greatest common factor of 1498 and u.
14
Let c(q) = -q**3 + 19*q**2 - 20*q + 38. Let g be c(18). Suppose 4*p + 5*l = 84, 56 = -14*p + 17*p + g*l. What is the greatest common factor of p and 128?
16
Suppose 3*o = -2*y + 8 + 6, 3*o - 4*y - 44 = 0. Calculate the highest common factor of o and 196.
4
Let t = -42 + 24. Let r be 2/(-12) + (-219)/t. Suppose -2*b + 2 - r = 0, -2*o + b + 145 = 0. Calculate the highest common divisor of 28 and o.
14
Let u be 15*(90/9)/50. Suppose -c - 18 + 21 = 0. What is the greatest common factor of c and u?
3
Suppose -6*b + 207 + 105 = 0. Let i = -11688 - -11689. What is the greatest common factor of b and i?
1
Suppose 0 = -15*q - 234 + 9. Let v be (q - -20) + 4 + 13. What is the greatest common divisor of v and 319?
11
Let u be (-6)/2 + 2 + 15. Let h(x) = 94*x - 186. Let r = -1733 - -1735. Let f be h(r). What is the highest common factor of f and u?
2
Let m(r) = -97*r**3 + 13*r**2 - 41*r - 10. Let k be m(-3). Calculate the greatest common divisor of 4144 and k.
259
Let s be (-40922)/(-84) - (51/(-18) - -2). Calculate the greatest common divisor of s and 44.
4
Suppose -3 = u, 7*q - 10*q - 5*u = -174. Let k = -78 + q. Let v be k/20 - (-2022)/8. Calculate the highest common divisor of 28 and v.
28
Let x(l) = -1371*l - 7823. Let y be x(-17). Calculate the greatest common factor of y and 196.
196
Suppose j - 2*y = 28, 3*j - 3*y - 105 = -2*j. Let q be (9/(-7))/(-3 + (-16)/((-896)/164)). Calculate the greatest common divisor of q and j.
18
Let c = 45 + -43. Let d be 10 - (-2 - 10)/c. Let z(l) = l**3 - 8*l**2 - 4*l - 5. Let i be z(9). What is the highest common divisor of i and d?
8
Let s(q) = -3*q**2 + 13*q + 6 - 52*q**3 + 97*q**3 - 46*q**3. Let t be s(-6). Let b be 4/(-14) + 340/14. What is the highest common divisor of t and b?
12
Let o = 11 + -8. Suppose 0 = 5*b - 4*c + o*c - 154, 0 = -3*b + 3*c + 102. Suppose -37*i + 56*i = 1425. What is the greatest common divisor of i and b?
15
Suppose -77*f = -55*f - 35*f + 27222. Calculate the greatest common divisor of 6 and f.
6
Let u(y) = 7*y - 36. Let o(v) = -13*v + 73. Let s(l) = 3*o(l) + 5*u(l). Let m be s(9). Let z = m + 1. What is the greatest common factor of z and 12?
4
Let h(p) = -p**2 + 137*p + 729. Let b be h(-5). Let v(a) = 52*a - 4. Let r be v(3). Calculate the highest common factor of r and b.
19
Let y(r) = -23*r - 250. Let q be y(-14). Let u be (-42)/4*12/18. Let b be (-664)/(-28) - 2/u. What is the highest common factor of b and q?
24
Let o be ((-96)/8)/(0 + (-4)/(-18)). Let h be (-22437)/o*2/3. Suppose -2*v - a = -141, 4*v - 2*a + 3*a = h. What is the greatest common factor of 17 and v?
17
Let g be 1/(-2)*2 + 34. Let q = -307 - -327. Suppose 14*h + 132 = q*h. Calculate the greatest common divisor of g and h.
11
Let q be (102/(-14))/(748/(-5236)). What is the greatest common factor of 14025 and q?
51
Let i = -21904 - -37120. What is the highest common factor of 32 and i?
16
Let n = -195 - -585. Suppose -3*v + n = 3*x, -13*x + 17*x = -v + 508. Calculate the highest common divisor of 84 and x.
42
Suppose -6*d + 5*d = 30. Let i = -27 - d. Suppose i*j = 53 + 13. Calculate the greatest common factor of j and 88.
22
Let d = 2641 + -1571. What is the greatest common divisor of d and 90?
10
Let t(w) = -40*w - 734. Let q be t(-19). What is the highest common factor of q and 2041?
13
Let a(x) = 446*x**2 - 20*x - 22. Let s be a(-1). What is the highest common divisor of s and 37?
37
Suppose 2 = 2*l - 0. Suppose u - 4*b + l + 2 = 0, -54 = 4*u + 5*b. Let o be u/((-3)/3 + (-2 - -2)). What is the greatest common divisor of o and 1?
1
Let b(i) = 26*i**2 + 2*i**2 + 3 - 3. Let d be b(1). Suppose 21*j + 2358 = 6474. What is the highest common divisor of d and j?
28
Let i = -55 - -57. Suppose -5*g = -2*x - 22, -58 = 4*x - 4*g - i. Let a be ((-3)/(18/x))/((-6)/(-18)). What is the highest common factor of a and 6?
2
Let n(q) = -2*q**3 - 27*q**2 - 62*q + 27. Let k be n(-11). What is the greatest common divisor of 494 and k?
26
Let q be 1/(-4) + (-322)/(-8). Suppose 1000*u - 157166 = 12834. Calculate the highest common factor of q and u.
10
Let n(t) = 5*t. Let j be 3/((-9)/6) - -4. Let s be n(j). Suppose 2*o - 7*o + 75 = -3*g, 45 = 3*o - 3*g. Calculate the greatest common divisor of o and s.
5
Let w be 12/(-4) - -7 - -5. Let l(r) = 3*r**2 - 4*r - r**3 - r + 7*r**2 - 18 - 22 + 19. Let s be l(w). Calculate the highest common divisor of s and 9.
3
Suppose 129*g = 132*g - 84. Suppose -5*a = -s + g, 0 = -s + 2*a + 29 - 4. Calculate the greatest common factor of 184 and s.
23
Let v be 21 - (-5018)/(-234) - (-1146)/27. What is the greatest common factor of 686 and v?
14
Suppose -x + 2*j = -57, -2*x + 54*j - 51*j + 115 = 0. What is the highest common divisor of x and 2891?
59
Suppose -10*u + 18*u = 12*u - 320. What is the highest common factor of 272 and u?
16
Suppose 3*z + 5*o + 109 = 0, -4*o + 8 = z - 2*z. Let x = -38 - z. Let r(h) = -6*h - 42. Let a be r(x). Calculate the greatest common divisor of a and 45.
9
Let p(f) = 2*f - 1. Let h(g) = 117*g - 97. Let w(m) = h(m) - 3*p(m). Let k be w(2). Calculate the greatest common divisor of k and 16.
16
Let v be (-2 - 1) + (-17)/3*-12. Suppose 0 = 6*o + v - 71. What is the greatest common factor of o and 1?
1
Let b be 1098/5 + 1/(((-25)/(-2))/5). What is the highest common factor of 160 and b?
20
Let n = -19100 - -21004. What is the greatest common factor of n and 2720?
272
Suppose 1553 = 2*i - 4*c - 1373, c - 2936 = -2*i. Calculate the highest common divisor of i and 9.
9
Suppose -4*v + 6 = i, 2*i - 7*v - 42 = -5*v. Suppose -410 - 310 = -i*x. What is the highest common factor of x and 40?
40
Let h(b) = -6*b**